he remainder when 32466 is divided by 507?
18
Calculate the remainder when 620146 is divided by 32639.
5
What is the remainder when 805458 is divided by 805429?
29
Calculate the remainder when 78975 is divided by 6567.
171
Calculate the remainder when 839398136 is divided by 562.
556
Calculate the remainder when 15342479 is divided by 1917806.
31
What is the remainder when 275362 is divided by 39294?
304
Calculate the remainder when 2554089 is divided by 201.
183
Calculate the remainder when 1129380 is divided by 1971.
1968
Calculate the remainder when 4571192 is divided by 32886.
38
Calculate the remainder when 4999828 is divided by 238086.
22
Calculate the remainder when 1608043 is divided by 804017.
9
Calculate the remainder when 815620 is divided by 223.
109
Calculate the remainder when 1043560 is divided by 521765.
30
Calculate the remainder when 437200 is divided by 15607.
204
What is the remainder when 1612674 is divided by 14795?
19
What is the remainder when 49737261 is divided by 1715077?
28
Calculate the remainder when 528213 is divided by 1900.
13
What is the remainder when 2875074 is divided by 1560?
1554
Calculate the remainder when 131616 is divided by 1943.
1435
What is the remainder when 100471 is divided by 1644?
187
What is the remainder when 1249776 is divided by 624879?
18
What is the remainder when 13280581 is divided by 1897225?
6
What is the remainder when 37550588 is divided by 5568?
5564
Calculate the remainder when 3750039 is divided by 27.
9
Calculate the remainder when 13136754 is divided by 3284158.
122
Calculate the remainder when 31947620 is divided by 679.
670
Calculate the remainder when 1858691 is divided by 66.
65
Calculate the remainder when 1064503 is divided by 1064389.
114
Calculate the remainder when 826189 is divided by 388.
137
Calculate the remainder when 4592061 is divided by 18.
9
Calculate the remainder when 350538094 is divided by 199.
191
Calculate the remainder when 3571209 is divided by 83.
51
What is the remainder when 513593 is divided by 2303?
24
What is the remainder when 51674424 is divided by 51674391?
33
What is the remainder when 99949359 is divided by 14?
13
Calculate the remainder when 642618 is divided by 1959.
66
What is the remainder when 1009232 is divided by 4852?
16
What is the remainder when 356312 is divided by 118761?
29
What is the remainder when 11262815 is divided by 15?
5
What is the remainder when 2615992 is divided by 261589?
102
Calculate the remainder when 7040 is divided by 6950.
90
Calculate the remainder when 2438154 is divided by 408.
354
Calculate the remainder when 26077524 is divided by 243.
222
Calculate the remainder when 4918224 is divided by 39.
12
Calculate the remainder when 330419 is divided by 110081.
176
What is the remainder when 31706 is divided by 10417?
455
What is the remainder when 8860146 is divided by 141?
129
Calculate the remainder when 19245239 is divided by 90.
89
Calculate the remainder when 188932 is divided by 2862.
40
What is the remainder when 209027359 is divided by 633?
631
Calculate the remainder when 16150 is divided by 7037.
2076
Calculate the remainder when 19755804 is divided by 6585268.
0
Calculate the remainder when 59383 is divided by 666.
109
What is the remainder when 3410024 is divided by 103?
3
Calculate the remainder when 425629 is divided by 4295.
424
What is the remainder when 364352 is divided by 40472?
104
Calculate the remainder when 5490241 is divided by 15509.
55
What is the remainder when 165774154 is divided by 15290?
15264
What is the remainder when 45720608 is divided by 3078?
3074
What is the remainder when 10499118 is divided by 501?
162
Calculate the remainder when 13226179 is divided by 33740.
99
What is the remainder when 6587135 is divided by 72?
71
Calculate the remainder when 145060 is divided by 313.
141
Calculate the remainder when 540877 is divided by 1644.
1
Calculate the remainder when 2880003 is divided by 9.
3
Calculate the remainder when 22307 is divided by 1138.
685
What is the remainder when 2476 is divided by 1228?
20
Calculate the remainder when 16715962 is divided by 823.
9
What is the remainder when 93667389 is divided by 805?
4
Calculate the remainder when 555558 is divided by 46285.
138
Calculate the remainder when 8547744 is divided by 39.
36
What is the remainder when 972262 is divided by 6847?
6835
Calculate the remainder when 47895984 is divided by 6033.
6030
Calculate the remainder when 19006010 is divided by 6380.
6370
Calculate the remainder when 34740 is divided by 34361.
379
What is the remainder when 3887481 is divided by 4140?
21
What is the remainder when 164898 is divided by 644?
34
What is the remainder when 7368087 is divided by 79?
73
Calculate the remainder when 10328074 is divided by 1452.
1450
Calculate the remainder when 22456961 is divided by 182.
163
What is the remainder when 128704 is divided by 2925?
4
Calculate the remainder when 12893119 is divided by 206.
197
Calculate the remainder when 27091 is divided by 27091.
0
What is the remainder when 25624203 is divided by 324?
15
What is the remainder when 133188 is divided by 671?
330
Calculate the remainder when 261290 is divided by 404.
306
Calculate the remainder when 14832375 is divided by 155.
115
What is the remainder when 1495083 is divided by 1069?
621
What is the remainder when 268529 is divided by 1237?
100
What is the remainder when 44302475 is divided by 553?
539
Calculate the remainder when 4254380 is divided by 14181.
80
What is the remainder when 95752749 is divided by 85?
79
Calculate the remainder when 532566416 is divided by 3527.
3524
What is the remainder when 713888 is divided by 41987?
109
Calculate the remainder when 1000774 is divided by 4633.
46
What is the remainder when 162999 is divided by 40746?
15
What is the remainder when 284817 is divided by 1281?
435
What is the remainder when 34544302 is divided by 17?
13
What is the remainder when 13380484 is divided by 113?
41
What is the remainder when 690939 is divided by 76770?
9
What is the remainder when 1848266 is divided by 2009?
1995
What is the remainder when 3704489 is divided by 2080?
9
What is the remainder when 130717 is divided by 651?
517
Calculate the remainder when 309997 is divided by 1577.
905
Calculate the remainder when 2651826 is divided by 42.
30
What is the remainder when 1767055 is divided by 1264?
1247
Calculate the remainder when 7928749 is divided by 2642795.
364
What is the remainder when 234526 is divided by 19541?
34
Calculate the remainder when 28811570 is divided by 282466.
38
Calculate the remainder when 59149 is divided by 1470.
349
Calculate the remainder when 260381 is divided by 41.
31
Calculate the remainder when 3350486 is divided by 673.
292
What is the remainder when 10784034 is divided by 11671?
30
Calculate the remainder when 83492316 is divided by 36.
0
Calculate the remainder when 1333747 is divided by 1138.
11
What is the remainder when 29007774 is divided by 890?
4
Calculate the remainder when 34943 is divided by 4016.
2815
Calculate the remainder when 168366 is divided by 2725.
2141
What is the remainder when 215355 is divided by 71776?
27
What is the remainder when 3716060 is divided by 14?
12
What is the remainder when 269539 is divided by 9275?
564
What is the remainder when 499603 is divided by 36?
31
What is the remainder when 155150820 is divided by 53?
51
Calculate the remainder when 18370117 is divided by 1412.
1409
What is the remainder when 7285416 is divided by 420?
96
What is the remainder when 64076920 is divided by 249?
7
Calculate the remainder when 51333 is divided by 51306.
27
Calculate the remainder when 27397 is divided by 6643.
825
What is the remainder when 1059505 is divided by 3654?
3499
Calculate the remainder when 17924249 is divided by 26398.
7
Calculate the remainder when 33431074 is divided by 10.
4
What is the remainder when 11916078 is divided by 38?
0
What is the remainder when 7168160 is divided by 34?
8
What is the remainder when 4674907 is divided by 233745?
7
Calculate the remainder when 6317427 is divided by 266.
193
What is the remainder when 36155119 is divided by 55?
44
What is the remainder when 220473 is divided by 53?
46
What is the remainder when 50